 + (-165874)/(-10). Suppose 5*m + 4*m = o. Is m a prime number?
False
Suppose 4*c + d + 2*d - 748 = 0, -c - 2*d = -182. Let b = c - 129. Suppose 89 = 2*y + 2*y + g, 3*y = 5*g + b. Is y prime?
False
Let n be 2/(-3)*81/(-6). Let o = -380 - -414. Is 3/n + o/6 a prime number?
False
Let t = 7827 + -4049. Is t a composite number?
True
Let n be (-2)/((-8)/396) + -2. Suppose 0 = y + n - 334. Is y prime?
False
Let x = -661 + 937. Suppose -2*f - x = -1504. Suppose -a = -n - 115, -5*a = 4*n + 57 - f. Is a a composite number?
False
Suppose 0 = 2*u + 2, -3*d = -5*u + 9*u - 14. Suppose -189 - 921 = -d*g. Is g prime?
False
Is 7/(-35) + (-3 - (-110182)/10) prime?
False
Suppose -m - 9430 = 5*w + 4*m, -3*m = 2*w + 3770. Let y = w + 3683. Is y composite?
True
Suppose 4*t + 6 = -54. Let l = -17 - t. Is (-1778)/21*3/l prime?
True
Let i = -1117 - -2599. Let w = i - 1051. Is w prime?
True
Suppose 149*t - 147*t = 3262. Is t prime?
False
Suppose 17*o - 16*o - 521 = 0. Is o prime?
True
Suppose 53573 = 5*w + 4*y - 90936, w = 5*y + 28896. Is w prime?
True
Suppose 0*v - 3*v = -6. Suppose 3*k = 5*i + 26, v*k - 3 = 5*i + 16. Suppose 2850 = k*a - 797. Is a composite?
False
Let y = -171 + 173. Let o(q) = 22*q**3 - 3*q**2 + 7*q + 4. Let l(u) = -21*u**3 + 3*u**2 - 6*u - 3. Let b(h) = -5*l(h) - 4*o(h). Is b(y) prime?
True
Suppose -67*b = 574642 - 2361465. Is b composite?
False
Let v = 59 + -52. Suppose 0 = -n + 2*k + 6 + v, -3*k = -5*n + 93. Is n a composite number?
True
Let h = -233 - -419. Suppose 0 = -4*a + 26 + h. Is a prime?
True
Suppose -11756 = 12*z - 16*z. Is z a prime number?
True
Let d(l) = 0*l - l**3 - 2*l - l**2 + 2 - 3. Let x(q) = -10*q - 93. Let n be x(-9). Is d(n) composite?
False
Let k be -1*(-5 - (3 + -5)). Let b(a) = 961*a. Let j be b(1). Suppose -44 = -k*y + j. Is y a prime number?
False
Let k = 14 + -4. Suppose -2*r - 4*y + 506 = 0, 0*y + k = -5*y. Is r a prime number?
True
Let u(b) = -b - 10. Let r be u(-8). Is (6 + -82 - 7)*2/r prime?
True
Is (1 + -2 - -3)/((-102)/(-39219)) composite?
False
Suppose -4*y + 5*s + 27 = -4, -5*y = -4*s - 32. Suppose 3*m = 4*z - 6 - 4, y*m = -5*z - 3. Is -4 - -8 - (z + -76) prime?
True
Let c be (2 + 32/(-20))*20/2. Suppose -4*x = -x - t - 923, c*x - t - 1230 = 0. Is x prime?
True
Suppose -8*z = -3*z - 10865. Is z composite?
True
Suppose 10478517 + 1225535 = 116*u. Is u prime?
False
Let p = -6 + 9. Let f = -2 + p. Is (2 - f) + (0 - -234) a prime number?
False
Let d(z) = -z - 5. Let h be d(-5). Let g be -20*(h - (-14)/8). Let x = g - -114. Is x composite?
False
Let x(n) = 3*n + n**2 + 10 - 2*n - 12*n. Let l be x(10). Is 2*(l + 103/2) prime?
True
Suppose 4*r - 4*s = 82 + 114, -r + 55 = -4*s. Suppose -l = 2*b + r - 202, 245 = 3*b + 4*l. Suppose 3*j + 5 = 2*g - 25, -5*g - 2*j = -b. Is g composite?
True
Let f be 5/15 - 2/6. Let y be 4*(-3 + 5 - f). Is 1/(-2) + 92/y a composite number?
False
Let f = 59 - 57. Suppose -f*j - g + 783 = 0, 3*j - 4*g - 94 - 1075 = 0. Is j a prime number?
False
Let q(b) = -375*b + 86. Is q(-11) prime?
True
Let r be (-2 - (1 + -3))*-1. Suppose 3*f - 15 = 4*f - 4*w, r = 4*f - 3*w - 5. Suppose -h = -52 + f. Is h prime?
True
Let m(l) = 10*l**2 - 36*l + 35. Is m(27) a prime number?
True
Is ((-584565)/18)/(24/(-144)) prime?
False
Let t be 2/4*(5 + -1). Suppose -t*p + 68 = -122. Is p a prime number?
False
Let u(y) = 7*y**2 - 3*y - 1. Let g(t) = -t**2 - 3*t + 8. Let m(n) = -2*n + 7. Let w(x) = 5*g(x) - 6*m(x). Let v be w(-1). Is u(v) prime?
False
Let a(k) = 3*k - 5*k + 3*k + 2*k + 2*k**2 - 10. Let f be a(8). Is f/1 - (8 - 5) prime?
True
Suppose 54 = 5*l + 7474. Let a be (-6)/9 + l/(-21). Suppose 5*h = d + a, -4*h - 40 = -5*h - 5*d. Is h composite?
True
Let u(k) = 647*k - 53. Let a be u(22). Suppose -4*j - 2841 = -t, 0 = -5*t - 5*j + a - 26. Is t composite?
False
Let i = 0 - -47. Suppose 3*d - i = x + x, 0 = x - 4*d + 26. Is -1 + -1 - (x - -1) composite?
False
Let y = 89 + -324. Let f = y - -446. Is f composite?
False
Is 2/(6 - 27320/4555) a composite number?
False
Suppose -932 = -5*d - 3*c, 3*c + 4 = 1. Is d a prime number?
False
Suppose y = 4 - 1, 3*w + 3*y = 11907. Is w/1 + 7/7 composite?
False
Let b(m) = -m + 50. Is b(-8) a prime number?
False
Suppose 0 = 3*s + 3*b - 3252, -6 = -b + 3*b. Is s a prime number?
True
Let s(n) = 2*n + 4. Let a be s(-5). Let f(b) = -3*b - 42. Let w be f(-18). Is ((-222)/4)/(a/w) prime?
False
Suppose 4*b = -5*g + 6777, 3*b - b + 4*g - 3396 = 0. Let w = -847 + b. Is w composite?
True
Let r(h) be the third derivative of 0*h + 2*h**3 + h**2 + 0 + 1/24*h**4. Is r(-5) a prime number?
True
Suppose 8*u - 15327 = -u. Is u a composite number?
True
Let f = 185 - -64. Is f a prime number?
False
Suppose 8*m = 12*m - 40. Suppose -m*f - 3194 = -12*f. Is f a prime number?
True
Is (-23)/(23/(-15492)) - (0 - 1) a composite number?
False
Let a(w) = 239*w**3 + 3*w**2 + w + 1. Is a(4) a prime number?
True
Let x = 73 - 76. Is 2 + x + 3000/6 composite?
False
Is (-2 + 1651/(-3))/((-3)/9) a composite number?
False
Let f(l) = 1527*l**3 + l**2 - l + 1. Is f(2) a prime number?
False
Is ((-1297958)/(-183))/(1/(-3) - -1) a composite number?
False
Let x = 584 + -1101. Let d = x - -1296. Is d a composite number?
True
Let p = -24 + 16. Let z be p/1 + 16/8. Is ((-70)/(-28))/((-1)/z) a composite number?
True
Let o(u) = 1845*u + 1. Let r be o(-3). Let m = 1269 - r. Is m composite?
False
Is ((-2)/1)/(((-28)/98665)/2) prime?
False
Let i(h) = -2*h - 10. Let b be i(-7). Suppose -2*n = -j - 988, -n - n - b*j + 978 = 0. Is n composite?
True
Suppose -s = -4*c - 11, 4*c - 5 + 28 = 5*s. Suppose 2*j = 2*v + 8, -v + 4*j - s = 1. Is (v/6)/(22/(-6963)) a composite number?
False
Is (-2020320)/(-115) + 2*1/2 prime?
True
Suppose -3*j + 7*j - 34672 = -4*w, 5*j = 3*w - 25964. Is w prime?
True
Suppose 5*s - 22 = 3. Suppose 5 = -g - s. Is (-10)/(-50) - 9528/g a prime number?
True
Let g = -17733 - -25448. Suppose 11*v - 16*v = -g. Is v a composite number?
False
Suppose m = -3*m + 1912. Suppose -85*s = -86*s + m. Is s prime?
False
Let o(k) = -527*k**3 - 3*k - 2. Let n be o(-1). Let r = n - 221. Is r a composite number?
False
Let l = 154 + -341. Let z = 210 - l. Is z prime?
True
Suppose 402 = 26*h - 23*h. Let p be 0 - 3 - 24/(-4). Suppose p*g = h + 139. Is g prime?
False
Is ((-16)/28)/((-2)/2359) a prime number?
False
Let r = 1913 + 9530. Is r composite?
False
Let f(l) = 876*l**2 - 20*l - 19. Is f(-1) a composite number?
False
Let z = 2179 - 833. Is z a composite number?
True
Let o(i) = -60*i - 14. Let y be o(7). Let n = y + 883. Is n a composite number?
False
Suppose -3*z = -2*z + 2*q + 247, 2*z = 3*q - 529. Suppose 0 = 2*n + 14 - 10. Is 2*(z/n - -4) a prime number?
False
Let w(i) = 2*i**2 + 3*i - 4*i**2 - 2 + i**2 - i**2. Let h be w(2). Is (-222)/h*(-2)/(-3) a composite number?
False
Let z = -108 - -113. Is (666/(-30))/((-1)/z) a prime number?
False
Suppose 4*a + 3*z - 3129 = 2*z, -4*z + 4 = 0. Is a/3 - 16/(-12) a composite number?
True
Suppose 292*z - 286*z = 20562. Is z a composite number?
True
Let f(w) = -17*w + 3. Let h be f(2). Let k = 38 + h. Suppose -8*n = -k*n - 211. Is n a prime number?
True
Let n(k) = -4 + k**2 - 7*k + 3*k - 3*k + k. Let z be n(9). Suppose 5*u = 4*u + z. Is u composite?
False
Let q = 19 - 7. Let u(w) = 27*w + 17. Let d be u(q). Suppose 0*l + l - 188 = -2*f, 2*l - d = 3*f. Is l a composite number?
True
Suppose -4*r + 6 = 2*s - 7*r, 5*s - 4 = 2*r. Suppose -3*k - 4*x + 2457 = -x, 2*k - 2*x - 1634 = s. Is k a prime number?
False
Suppose 2*j = 7*j - 20. Suppose -j*d = -d - 9. Suppose 2*w - 146 = a, d*w - 3*a - 273 = -57. Is w a prime number?
False
Let v(j) be the third derivative of -49*j**6/12 + j**5/30 + j**4/12 + j**3/6 - 5*j**2. Is v(-1) a composite number?
False
Let k(s) = 187*s + 78. Is k(19) a composite number?
False
Let q(m) = -m**3 + 7*m**2 - 8*m + 11. Let l be q(6). Is -291*(l + -2)/9 prime?
True
Let f = 151 - 149. Is ((-40380)/105)/(f/(-7)) a composite number?
True
Let n(u) = -194*u + 11. Let m(j) = 581*j - 32. Let w(b) = 6*m(b) + 17*n(b). Let z(y) = -376*y + 9. Let f(i) = -11*w(i) - 6*z(i). Is f(2) a composite number?
True
Is ((-2)/((-12)/86322))/1 a composite number?
False
Let z(t) = -t**3 - 16*t**2 - 9*t + 10. Let u be z(-12). Is 4/12*15 - u prime?
True
Is ((-33)/(-9) + -3)/(12/45810) a composite numb